{"id":134,"date":"2025-07-01T11:51:51","date_gmt":"2025-07-01T09:51:51","guid":{"rendered":"https:\/\/dagsbild.se\/?page_id=134"},"modified":"2025-07-01T12:27:11","modified_gmt":"2025-07-01T10:27:11","slug":"om-mitt-webbhotell-polar55","status":"publish","type":"page","link":"https:\/\/dagsbild.se\/index.php\/om-mitt-webbhotell-polar55\/","title":{"rendered":"Om mitt webbhotell Polar55"},"content":{"rendered":"\n<p>Och h\u00e4r kommer lite reklam:<\/p>\n\n\n\n<p><strong><a href=\"https:\/\/polar55.com\/client\/aff.php?aff=3\" data-type=\"link\" data-id=\"https:\/\/polar55.com\/client\/aff.php?aff=3\">Om mitt webbhotell Polar55<\/a><\/strong><\/p>\n\n\n\n<p>N\u00e4r man (som jag) har en liten hemsida och inte k\u00e4nner f\u00f6r att l\u00e4gga alltf\u00f6r mycket pengar p\u00e5 att h\u00e5lla den vid liv s\u00e5 letar man naturligtvis efter en s\u00e5 billig och bra l\u00f6sning som m\u00f6jligt.<\/p>\n\n\n\n<p>N\u00e4r jag f\u00f6rst skaffade mig en hemsida (det var i b\u00f6rjan av \u00e5rhundradet) l\u00e5g den p\u00e5 ett webbhotell som hette Cliche. Det var billigt och bra tyckte jag. <\/p>\n\n\n\n<p>Men de la ner verksamheten och deras kunder flyttades \u00f6ver till One.com som ocks\u00e5 k\u00e4ndes billigt och bra ett tag&#8230;<\/p>\n\n\n\n<p>Men n\u00e4r jag f\u00f6r ett tag sedan fick en faktura f\u00f6r f\u00f6rnyande av dom\u00e4n och hosting (webbhotell) k\u00e4nde jag att det var dags att spana efter ett billigare alternativ. Valet f\u00f6ll p\u00e5 <a href=\"https:\/\/polar55.com\/client\/aff.php?aff=3\" data-type=\"link\" data-id=\"https:\/\/polar55.com\/client\/aff.php?aff=3\">Polar55<\/a>. Det var ett f\u00f6r mig nytt namn p\u00e5 marknaden. Men deras paketl\u00f6sning s\u00e5g lockande ut f\u00f6r mig. Och priset var BRA! S\u00e5 jag slog till.<\/p>\n\n\n\n<p>Som s\u00e5 m\u00e5nga andra erbjuder de ett l\u00e4gre rabatterat pris i b\u00f6rjan. Men \u00e4ven deras standardpris var l\u00e5gt. S\u00e5 jag sa upp mitt gamla hotell och flyttade till <a href=\"https:\/\/polar55.com\/client\/aff.php?aff=3\" data-type=\"link\" data-id=\"https:\/\/polar55.com\/client\/aff.php?aff=3\">Polar55<\/a>.<\/p>\n\n\n\n<p>Flytten gick lite knackigt och det blev mycket mailande fram och tillbaka b\u00e5de med den gamla leverant\u00f6ren och <a href=\"https:\/\/polar55.com\/client\/aff.php?aff=3\" data-type=\"link\" data-id=\"https:\/\/polar55.com\/client\/aff.php?aff=3\">Polar55<\/a>.<\/p>\n\n\n\n<p>Det som jag verkligen reagerade positivt p\u00e5 var att supporten p\u00e5 <a href=\"https:\/\/polar55.com\/client\/aff.php?aff=3\" data-type=\"link\" data-id=\"https:\/\/polar55.com\/client\/aff.php?aff=3\">Polar55<\/a> har en e-postadress som inte \u00e4r undang\u00f6md.<\/p>\n\n\n\n<p>Det st\u00e5r klart och tydligt p\u00e5 deras hemsida att man kan mejla om man har n\u00e5gra fr\u00e5gor. Och n\u00e4r jag gjorde det fick jag snabbt svar. Och det var inga f\u00e4rdigf\u00f6rpackade standardsvar fr\u00e5n en robot utan personligt och kompetent. <a href=\"https:\/\/polar55.com\/client\/aff.php?aff=3\" data-type=\"link\" data-id=\"https:\/\/polar55.com\/client\/aff.php?aff=3\">MYCKET BRA!<\/a><\/p>\n\n\n\n<p>I en v\u00e4rld av sj\u00e4lv-hj\u00e4lps-sidor och AI-chat-robotar (som s\u00e4llan tr\u00e4ffar r\u00e4tt n\u00e4r fr\u00e5gorna man har inte st\u00e4mmer in p\u00e5 det som skaparna har t\u00e4nkt sig att man fr\u00e5ga) s\u00e5 \u00e4r det en befrielse och lycka att f\u00e5 direkt mejlkontakt med en m\u00e4nniska som verkligen kan sin sak och f\u00f6rst\u00e5r vad man menar.&nbsp;<\/p>\n\n\n\n<p><a href=\"https:\/\/polar55.com\/client\/aff.php?aff=3\" data-type=\"link\" data-id=\"https:\/\/polar55.com\/client\/aff.php?aff=3\">Polar55<\/a> visade sig vara ett mycket bra val. Bra pris och fantastisk support! Jag kan, baserat p\u00e5 mina erfarenheter, varmt rekommendera <a href=\"https:\/\/polar55.com\/client\/aff.php?aff=3\" data-type=\"link\" data-id=\"https:\/\/polar55.com\/client\/aff.php?aff=3\">Polar55<\/a>.<\/p>\n\n\n\n<p>S\u00e5 om du \u00e4r intresserad av ett bra och billigt webbhotell&#8230; Ta en titt p\u00e5 <a href=\"https:\/\/polar55.com\/client\/aff.php?aff=3\" data-type=\"link\" data-id=\"https:\/\/polar55.com\/client\/aff.php?aff=3\">Polar55<\/a> och deras erbjudande!<\/p>\n\n\n\n<figure class=\"wp-block-image size-full\"><a href=\"https:\/\/polar55.com\/client\/aff.php?aff=3\"><img loading=\"lazy\" decoding=\"async\" width=\"539\" height=\"153\" src=\"https:\/\/dagsbild.se\/wp-content\/uploads\/2025\/07\/Polar55.png\" alt=\"\" class=\"wp-image-135\" srcset=\"https:\/\/dagsbild.se\/wp-content\/uploads\/2025\/07\/Polar55.png 539w, https:\/\/dagsbild.se\/wp-content\/uploads\/2025\/07\/Polar55-300x85.png 300w\" sizes=\"auto, (max-width: 539px) 100vw, 539px\" \/><\/a><\/figure>\n","protected":false},"excerpt":{"rendered":"<p>Och h\u00e4r kommer lite reklam: Om mitt webbhotell Polar55 N\u00e4r man (som jag) har en liten hemsida och inte k\u00e4nner f\u00f6r att l\u00e4gga alltf\u00f6r mycket pengar p\u00e5 att h\u00e5lla den vid liv s\u00e5 letar man naturligtvis efter en s\u00e5 billig och bra l\u00f6sning som m\u00f6jligt. N\u00e4r jag f\u00f6rst skaffade mig en hemsida (det var i [&hellip;]<\/p>\n","protected":false},"author":1,"featured_media":0,"parent":0,"menu_order":0,"comment_status":"closed","ping_status":"closed","template":"","meta":{"footnotes":""},"class_list":["post-134","page","type-page","status-publish","hentry"],"_links":{"self":[{"href":"https:\/\/dagsbild.se\/index.php\/wp-json\/wp\/v2\/pages\/134","targetHints":{"allow":["GET"]}}],"collection":[{"href":"https:\/\/dagsbild.se\/index.php\/wp-json\/wp\/v2\/pages"}],"about":[{"href":"https:\/\/dagsbild.se\/index.php\/wp-json\/wp\/v2\/types\/page"}],"author":[{"embeddable":true,"href":"https:\/\/dagsbild.se\/index.php\/wp-json\/wp\/v2\/users\/1"}],"replies":[{"embeddable":true,"href":"https:\/\/dagsbild.se\/index.php\/wp-json\/wp\/v2\/comments?post=134"}],"version-history":[{"count":4,"href":"https:\/\/dagsbild.se\/index.php\/wp-json\/wp\/v2\/pages\/134\/revisions"}],"predecessor-version":[{"id":147,"href":"https:\/\/dagsbild.se\/index.php\/wp-json\/wp\/v2\/pages\/134\/revisions\/147"}],"wp:attachment":[{"href":"https:\/\/dagsbild.se\/index.php\/wp-json\/wp\/v2\/media?parent=134"}],"curies":[{"name":"wp","href":"https:\/\/api.w.org\/{rel}","templated":true}]}}